60 is divided by z(17).
4
Let n(g) = g**2 - 2*g - 4. Let l be n(4). What is the remainder when -84*(-1 - (-2)/l) is divided by 11?
9
Let s = 2 + 1. Suppose 2*f = -4*y - 2*f + 248, -s*y + 214 = -4*f. What is the remainder when y is divided by 17?
15
What is the remainder when 41 is divided by (-2 - 2) + 25*1?
20
Suppose 0*z + 2*d - 16 = -2*z, 0 = 2*z + d - 14. Calculate the remainder when 23 is divided by z.
5
Let a(z) = 8*z**3 - 2*z**2 + z - 2. What is the remainder when a(2) is divided by (-8)/(-6)*(265/20 + 1)?
18
Suppose j = 11 + 7. Suppose 3*d - 5*d = -4*w - 178, 2*d - 3*w = 177. Let p = d - 35. Calculate the remainder when p is divided by j.
16
Let j(w) = w**3 - 7*w**2 + 10*w - 8. Suppose -78 - 9 = -3*s. Calculate the remainder when s is divided by j(6).
13
Let p = 1 + 3. Let r = p + -4. Suppose -j + 6*j - 35 = r. Calculate the remainder when 12 is divided by j.
5
Suppose k - 61 = 2*s, -k - k = -2. What is the remainder when 109 is divided by (s/(-8) - 2)*16?
25
Let h = 98 - 55. Calculate the remainder when h is divided by 9.
7
Let q = 5 + 3. Calculate the remainder when 15 is divided by q.
7
What is the remainder when (-408)/(-7) - (-4)/(-14) is divided by 15?
13
Let b(d) = -16*d - 5. What is the remainder when b(-7) is divided by 18?
17
Calculate the remainder when 2 - (-40 - (10 - 5)) is divided by 10.
7
Let a = -68 + 102. Let v(z) = -6 - 5 + 2*z + 2 - 1. What is the remainder when a is divided by v(11)?
10
Let u be -1 - 1/((-1)/(-2)). Suppose -5*w - 50 = -10*w. Calculate the remainder when ((-38)/3)/(2/u) is divided by w.
9
Suppose 159 + 146 = 5*o. Calculate the remainder when o is divided by (-1)/(-3) - (-124)/6.
19
Suppose g + 0*g = 0. Suppose 4*t + c + 3 = -12, 4*t - 4*c = g. Calculate the remainder when 37 is divided by -13*(t + 2 - 0).
11
Let a(c) = c**2 - 7*c - 4. Let d be a(6). What is the remainder when 3 + 0 - (d - 12) is divided by 13?
12
Suppose 2*a + 6*a - 88 = 0. Calculate the remainder when 31 is divided by a.
9
Suppose 2*d - 18 = -8. Suppose -4*g + 27 = -21. Calculate the remainder when g is divided by d.
2
Calculate the remainder when 22 is divided by (1/3)/(5/195).
9
Let m(f) = f**3 - 3*f**2 - f. Let u be m(3). Let y(p) = -p**3 + 5*p**2 - 3*p - 3. Let q be y(3). What is the remainder when 11 is divided by q/((-3)/6*u)?
3
Let t be ((-33)/5)/((-2)/10). Let a = -23 + t. Calculate the remainder when 19 is divided by a.
9
Let l be 6/1 + -2 + 0. Suppose -l*v + 227 = 5*x - 16, 5*x - 270 = 5*v. Let i = -36 + x. Calculate the remainder when 27 is divided by i.
12
What is the remainder when 69 is divided by 20/20 + 23 + 0?
21
Let s(i) = 3*i**2 + 5*i - 9. Let j(t) = t**3 - 3*t**2 - 6*t - 7. Calculate the remainder when j(6) is divided by s(3).
32
Let v = 5 - 2. Suppose -v*q - 6 = -0. What is the remainder when (q/1)/(3/(-6)) is divided by 2?
0
Suppose -3*q = q + 8. Let i be q*(0 + 70/(-4)). Let s = i - 18. Calculate the remainder when s is divided by 6.
5
Suppose 4*z + 0*f + 3*f - 78 = 0, 6 = -3*f. Calculate the remainder when 83 is divided by z.
20
Suppose -11 = y - 2*y. What is the remainder when y is divided by 4?
3
Let a(q) = -q + 1. Suppose l - 5*u = 19, 3*l + u + 19 = -3*u. Suppose 0 = d - 4*d + 6. What is the remainder when d is divided by a(l)?
0
Suppose -2*a + 464 = 2*a. What is the remainder when a is divided by 24?
20
Let o = 47 + -34. Calculate the remainder when o is divided by 5.
3
Let k = 4 - -6. Calculate the remainder when -1*-37*(-2)/(-2) is divided by k.
7
Suppose 32*d + 58 = 34*d. What is the remainder when 55 is divided by d?
26
Suppose -3*n - 2 + 35 = 0. Calculate the remainder when 18 is divided by n.
7
Suppose -w - 80 = -4*w + y, 4*y = 3*w - 77. Calculate the remainder when w is divided by 15.
12
Suppose -6*x = -x - 10. Let c(t) = 2*t - 34. What is the remainder when c(18) is divided by x?
0
Suppose -8*w - 70 = -13*w. Calculate the remainder when (-166)/(-4) - 1/2 is divided by w.
13
Suppose 77 = 2*o + 2*o - 3*m, 5*m = -4*o + 53. What is the remainder when 66 is divided by o?
15
Let w(f) = f**2 + 4. Let c be ((-8)/10)/(3/30). Let o be w(c). Let n = o + -39. Calculate the remainder when n is divided by 15.
14
Let s(c) = -2*c**3 - 3*c**2 - 2*c - 2. Let h be s(-2). Let n = h + -2. What is the remainder when 6 is divided by n?
2
Suppose 3*p = -13 + 97. Suppose -l = l - p. What is the remainder when l is divided by 5?
4
Suppose 5*y - i = -2, -4*i - i + 10 = 4*y. Suppose y = -2*v + 80 - 12. Let q = 35 - 17. What is the remainder when v is divided by q?
16
Calculate the remainder when 63 is divided by (-65)/(-4) - 4/16.
15
Let z be (3 + 31)*(-9)/6. Suppose 5*n + a - 440 = -4*a, 3*n = -4*a + 267. Let y = n + z. Calculate the remainder when y is divided by 9.
7
Let c = 83 - 49. Calculate the remainder when c is divided by 10.
4
Let c(f) = 7*f - 31. Calculate the remainder when 125 is divided by c(9).
29
Calculate the remainder when (-6)/(-5)*675/10 is divided by 21.
18
Suppose g = 6*g + 160. Let s = g - -49. What is the remainder when s is divided by 10?
7
Let t(y) = -y + 1. Suppose 4*c + 5*j - 40 = 9*c, -c - 3*j = 0. Let i(o) = o**3 + 6*o**2 - 2*o - 4. What is the remainder when i(c) is divided by t(-2)?
2
Let b(i) = 92*i. What is the remainder when b(1) is divided by 31?
30
Let i(d) = d**2 + 5*d + 3. Let n be i(-5). Suppose 6*o - n*o - 87 = 0. Calculate the remainder when 57 is divided by o.
28
Suppose -6*z = -4*z - 8. Let o = -2 - -1. Calculate the remainder when (9 - (-4)/(-2)) + o is divided by z.
2
Let t = -45 + 58. Suppose -i + 5 = -3*d + 2, 2*i - 18 = 3*d. Suppose 4*k - 49 = 3*o - 187, 5*k - i = 0. Calculate the remainder when o is divided by t.
11
Let p be 181/6 - 2/12. Suppose -3*y = 3*c - c - p, -5*y = -c - 11. What is the remainder when c is divided by 2/6 + 8/3?
0
Suppose 2*g + 4*v + 8 = -8, 2*g = v - 6. Suppose 5*y - 6 - 4 = 0. Let t = y - g. What is the remainder when 11 is divided by t?
5
Let y(b) = -b**3 + b**2 - 2*b + 2. Suppose 0 = 3*o + o - 8. Let u be y(o). Calculate the remainder when 33/(-12)*(-2 + u) is divided by 8.
6
Let y = 3 + 8. Suppose -3*d + 24 = 3*o - 90, 3*o - 32 = -d. Let q = d + -9. What is the remainder when q is divided by y?
10
Let h = 44 - 27. Calculate the remainder when 64 is divided by h.
13
Let c(k) = -k**2 - 24*k - 18. What is the remainder when c(-19) is divided by 40?
37
Suppose 0 = 4*g - m - 126, 3*g - 87 = -0*m - 3*m. What is the remainder when g is divided by 11?
9
Suppose 2*m - 4*s = 46, 0 = m + s - 11 - 9. What is the remainder when m is divided by 6?
3
Suppose 5*x - 9*x + 28 = 0. Calculate the remainder when 177/9*(x + -4) is divided by 31.
28
Let x = 81 + -47. Suppose -2*f + x = 3*r, 0 = -5*r + r. Calculate the remainder when f is divided by 6.
5
What is the remainder when 1 + 8/(-4)*-13 is divided by 14?
13
Let b be (16/10)/((-4)/(-10)). Suppose -b*g - k = -6*k - 243, 0 = -4*g - k + 225. What is the remainder when g is divided by 20?
17
Suppose -37 = -3*j + 3*n - 1, 0 = -4*j - 5*n + 30. What is the remainder when 37 is divided by j?
7
Let j = 3 + 15. What is the remainder when 46 is divided by j?
10
Let o(u) = -3*u**3 - 4*u**2 - 1 - 2*u - 1 + 2*u**3. Let z be o(-3). Let c = z + 14. Calculate the remainder when 16 is divided by c.
7
Let c be 4*(-4)/(16/(-7)). Let r(l) = -l**3 + 8*l**2 - 4*l + 1. What is the remainder when r(c) is divided by 6?
4
Suppose 3*t - 26 = -2*a, -2*t + 7*t + 4*a = 46. Suppose -6*l + 4*l + 44 = 0. Calculate the remainder when l is divided by t.
4
Suppose -4*c + 54 = 5*h, -4*c = 2*h - 0*h - 24. Calculate the remainder when 27 is divided by h.
7
Suppose -4*x + 694 = 106. Let r = x + -88. Calculate the remainder when r is divided by 30.
29
Suppose -10 = 5*l, 3*l - 31 - 18 = -5*d. Calculate the remainder when 25 is divided by d.
3
Suppose 5*p + o = 46, -7*p + 2*o + 34 = -3*p. Suppose 2*j - 16 = 5*c, 0 = -5*j + 3*c - 0*c + 21. Calculate the remainder when p is divided by j.
0
Let c(w) = w - 1. What is the remainder when (-2431)/(-55) + (-2)/10 is divided by c(10)?
8
Suppose 0 - 5 = -d. What is the remainder when 9 is divided by d?
4
Let m(p) be the third derivative of -41*p**4/24 + p**2. Let y be m(-5). Suppose 7*d - y = 2*d. Calculate the remainder when d is divided by 14.
13
Suppose 2*g - 110 = -3*g. Calculate the remainder when g is di